t k(p) = -9 - 9 + 4 - 13*p**2 - 1 + 8*p + p**3. Is k(x) a composite number?
False
Let i(g) be the third derivative of -49*g**6/60 - g**5/20 - g**4/24 + 23*g**3/6 + 106*g**2. Is i(-5) prime?
True
Suppose 0*d + 18612 = -22*d. Let x = d - -1715. Is x a prime number?
False
Is (22/(-10) - -3) + (-1260962)/(-10) composite?
False
Let x be (104/65)/(4/50). Let k be 10/(x/(-4)) - -6999. Suppose 982 - k = -5*y. Is y a prime number?
False
Let o be 16/(-20) + (-4)/30*-6. Let t(j) = j**2 + 13*j + 46. Is t(o) composite?
True
Let p(w) = -w**3 + w**2 + w. Let b(c) = 5*c**3 + 15*c**2 - 25*c - 29. Let o(u) = b(u) + 6*p(u). Let y be o(20). Is (y/(-18))/(2/4328) a composite number?
True
Suppose -4*t - 5*s = -104577, 104604 = 3*t + t - 4*s. Suppose -18*k = -14*k - t. Is k composite?
True
Suppose -12*s + 32082 = -330. Let m = -1482 + s. Is m a composite number?
True
Suppose 73722 = -23*o + 45*o. Suppose -2*m - 5*l = -o - 30550, 0 = -m - l + 16958. Is m a composite number?
False
Suppose 0 = 85*j + 88*j - 43*j - 13853450. Is j composite?
True
Let g = -388 + 386. Is ((-1690)/g + -6)/1 composite?
False
Suppose 37*i - 736393 = 4375046. Is i a prime number?
False
Suppose 0 = 33*s - 21*s. Suppose s = 2*w - 0*w - 5*c - 3722, 0 = 3*c - 12. Is w a composite number?
False
Let x = 4808 - 3714. Is x prime?
False
Let p = 60322 - -24369. Is p a prime number?
True
Let i(q) = q**2 - 23*q - 50. Suppose 51 = 3*h - 24. Let u be i(h). Suppose 51*s - 45*s - 4710 = u. Is s prime?
False
Suppose 102*s - 111*s = -138906. Suppose s = -708*f + 710*f. Is f a composite number?
False
Let b(h) = 24053*h**3 - 5*h**2 - 2*h + 2. Let y be b(-1). Let d = -14047 - y. Is d a composite number?
False
Suppose 0 = 4*u - 0*u - 16. Suppose 0*d + u*g = -d + 1688, -2*g = -5*d + 8374. Suppose 4*f - 2*f - d = 0. Is f a prime number?
False
Suppose 4*j + 2*z = 70218, -3*j - 119*z + 52661 = -115*z. Is j a prime number?
False
Suppose -186*a = 187*a - 82543781. Is a a prime number?
False
Let b(m) = 23*m + 32. Let s(j) = -70*j - 96. Let o(q) = 17*b(q) + 6*s(q). Let k be o(-19). Suppose -k = -t + 320. Is t composite?
False
Let z = 20671 + 10334. Let l = z + -9358. Is l composite?
False
Let t(h) = 111*h**2 - 25*h + 148. Let y(p) = -111*p**2 + 25*p - 145. Let z(v) = -6*t(v) - 7*y(v). Is z(5) prime?
True
Let w be (-1)/((-3)/(-10) - 3/6). Suppose a = -v + 796, -3*v + 8*v = w*a + 3990. Is v composite?
False
Let k(t) = -2*t**2 - 8*t - 3. Let d be k(-3). Suppose -2*j - 3852 = v - d*v, 5*v - 4*j = 9635. Is v a prime number?
True
Let m = 16662 + 9941. Is m prime?
False
Let z(j) = 61*j**2 - 8*j - 30. Let t be z(-4). Suppose -2*x = -4*b - t, -3*b - 1462 = -3*x - 2*b. Suppose -3*n + x = 4. Is n composite?
True
Suppose -v = -a - 2, -4*v - 20 = a - 18. Let j be v - (-4 - (-1 - 3)). Is (j/1 - -38)/((-21)/(-21)) a prime number?
False
Suppose -z - 11*r = -7*r + 4794, 4*z - 2*r + 19122 = 0. Is (44/(-6))/(4/z) a composite number?
True
Let l(k) = -17926*k + 83. Let m be l(-2). Suppose 14264 = 3*g - m. Is g composite?
True
Let u(y) = -y**2 - 9 - 47*y**3 + 3*y - 29 + 48. Let c be u(-4). Suppose -5*z - 405 + c = 0. Is z a prime number?
False
Let p(f) = -f**3 - f**2 + 21*f - 1. Let n be p(-5). Is 6/(-4) + 196427/14 + n prime?
False
Let s(c) = 769*c - 2770. Is s(21) prime?
False
Is -24*(-1)/40 + (-878524)/(-10) a prime number?
True
Let s = 22 + -22. Suppose s = 14*t - 12*t. Suppose t = 47*n - 46*n - 419. Is n composite?
False
Let o be (-6)/(-18) + (-3)/(18/(-5290)). Let s = o + -456. Is 32/12*s - (-3 + 0) prime?
False
Let z = 19 - 72. Let r be (-3)/12 - z/4. Let o(u) = 46*u - 39. Is o(r) a composite number?
True
Suppose 4*p + 11 = 19. Suppose 2*t + 4*z = 2378, p*t - 5*z - 1154 = t. Suppose 6*v = -t + 2937. Is v a prime number?
True
Let j = 2580 - 4117. Let h = -410 - j. Suppose 3037 = 2*b + h. Is b composite?
True
Let v = -1201765 - -2643408. Is v prime?
False
Let a(w) = w**3 - 7*w**2 + 7*w + 4. Let o(b) = -2*b**3 + 14*b**2 - 14*b - 9. Let c(u) = 13*a(u) + 6*o(u). Let g be c(6). Suppose g*t - 1430 = 318. Is t prime?
False
Is (-317 - -19)*(-9642)/18*(-6)/(-4) a composite number?
True
Suppose -z = 4*i - 2234711, -5*i - 3*z = -2424073 - 369321. Is i prime?
False
Let j be 2/(-9) + (-38)/(-9). Let c(q) = q**3 - q**2 + 2*q + 2. Let x(b) = -b**3 - b**2 + 1. Let i(f) = -c(f) - 5*x(f). Is i(j) prime?
True
Suppose -7*d + 972 = -d. Let k be (d/(-63))/(22/(-21) - -1). Suppose k = -n + 177. Is n a prime number?
False
Let i(l) = 8*l + 5. Let y be i(5). Let j be (-6)/(-4) - y/(-6). Suppose j*x - 3*x - 222 = 0. Is x composite?
False
Suppose d + 16 = 2*f, 0*d = -4*d + 16. Suppose -f*l + 1818 = -9*l - 5*q, -2*q = -3*l + 5389. Is l prime?
False
Suppose -2*z - 14 + 2 = 0. Let r be z*(84/(-8) + 4). Let w = -17 + r. Is w a composite number?
True
Suppose -5*v = -4*k - 10*v + 49, 3*v = 2*k + 3. Let b(g) = 67*g**2 - 5*g - 11. Is b(k) a composite number?
False
Let u(p) = 341*p - 30. Suppose 0 = z - y - 79, 5*z - 163 = 3*z + y. Let j be z/(-18)*3/(-2). Is u(j) composite?
False
Let t be (-6)/(180/(-3174)) + (-1)/(-5). Suppose 3*h - 461 - t = 0. Suppose 2838 = 3*b - h. Is b prime?
True
Let w be 1050/126*3/5. Suppose 5*r - w*o - 14080 = 0, -r + 4*o + 758 = -2073. Is r prime?
False
Suppose 12*u - 35 = 5*u. Let s(o) = -5*o**2 + 4*o**2 + 39*o**3 + u*o - 1 - 3*o. Is s(3) a prime number?
True
Suppose -20 = -2*p - 2*j, -3*p - 4*j = -0*j - 35. Suppose 4 = -4*n + 5*g - 0, -3*n - p*g - 3 = 0. Is (-12)/((-3)/n)*(-211)/4 a composite number?
False
Let i = 1025881 + -617934. Is i composite?
False
Suppose p - 2*c = 18011 + 11882, 5*p - 149474 = 7*c. Is p prime?
False
Let a = -899 + 3113. Suppose -7*g + a = -g. Suppose g + 104 = c. Is c a prime number?
False
Let d(o) = -o**2 + 6*o - 3. Let n be d(4). Let c be 13/((-39)/27) - -12. Suppose -n*k - 1471 = -2*y, c*k - 752 = -4*y + 3*y. Is y composite?
False
Let f(n) = -13*n - 62. Let v be f(-13). Suppose 1429 - 349 = l + 5*b, 4*b = 0. Let i = l + v. Is i a prime number?
True
Let p be (7 + 0)/(-7)*1. Is (-6 - -9299)/(0 - p) prime?
True
Suppose -3228 = 4*a - 4838 - 4722. Is a prime?
True
Suppose 0*d = -3*d + 12. Suppose 16 = -4*m - 4*t, 8*t - 5*t + d = -m. Is m/(-10) - (-19152)/20 a prime number?
False
Suppose -11*t + 2*t + 27 = 0. Suppose -t*p + 0*p = -6999. Is p composite?
False
Suppose -k - 48 = 5*a + k, -3*a + 3*k - 33 = 0. Let c(y) = -1052*y - 13. Let j be c(a). Suppose -5*i = 2*i - j. Is i a prime number?
False
Let v(q) be the first derivative of 155*q**2/2 - 23*q + 33. Is v(26) a prime number?
True
Suppose 6*u = 8*u - 48. Let l be (-9381)/2 + (-3)/u*-4. Let o = 7475 + l. Is o a prime number?
False
Let r(w) be the first derivative of 1/3*w**3 - 16*w - 4*w**2 - 10. Is r(-5) composite?
True
Let c = -45 + 68. Let g(f) = -f**3 + 28*f**2 + 43*f + 7. Is g(c) composite?
True
Let v = 78 + -73. Let z be (-569)/v + 16/(-80). Is (-2 + z)*(-5)/10 prime?
False
Let t = 193 + -200. Is -2*t/(-7) - -8371 a composite number?
False
Is (2641266/(-12) - 8)/((-6)/12) a composite number?
False
Suppose -y - 2*y = -4*s - 90, 4*s = -2*y + 40. Suppose 10 + y = 4*v. Is 179 - (v + -3 - 4) a composite number?
True
Let q be ((-1250444)/(-78))/((-4)/(-6)). Suppose 3*h - 4*r - 8168 = q, 0 = 5*h - 5*r - 53695. Is h composite?
True
Let h(f) = -f**3 - 8*f**2 - 15*f - 13. Let p be h(-6). Suppose 5*u + 7194 = 3*c + 2*u, p*u + 15 = 0. Is c prime?
False
Suppose j + 9 - 5 = 0, 3*k = -2*j + 30013. Is k composite?
False
Let i be (-164)/(-16) + (-1)/4. Let n be (4/(-10))/(1 + (-9)/i). Is ((-2784)/(-20))/4 - n/20 composite?
True
Let x(g) = 581*g**2 + 2*g - 8. Let t be x(5). Suppose 4*i = -j + 3635, -4*j + t = -0*j + 3*i. Is j a prime number?
True
Let v(f) = 7*f. Let p be -5*(2/(-30))/(2/6). Let i be v(p). Suppose i*x = 2558 + 207. Is x prime?
False
Let u be (-1)/2*0*3/(-15). Suppose u = r + 40 - 48. Is 308/(-35) + r - 5669/(-5) a prime number?
False
Suppose 38*d - 713512 = 30*d. Is d prime?
True
Let n be (3140/4 - 2) + 2. Let m = 125 - 323. Let w = n - m. Is w a composite number?
False
Let c(j) = 981*j**2 - 4*j - 4. Let f(i) = -983*i**2 + 5*i + 5. Let u(r) = 3*c(r) + 2*f(r). Is u(-1) prime?
True
Let y(z) = z**3 + z**2 + z. Let f(p) = -21*p**3 + 17*p**2 - 13*p + 7. Let n(x) = -f(x) + 2*y(x). Is n(6) a prime number?
False
Let b = 25612 + -11529. Is b prime?
True
Suppose -4*z - 3*p